 - 31 = -j - 6, -5*j + 148 = -3*h. Calculate the remainder when j is divided by s.
9
Suppose 5*q + 37 + 58 = 0. Let v = 51 + q. Calculate the remainder when 41 is divided by (-1 - 1) + v/2.
13
Calculate the remainder when 96 is divided by 18/45 - (-98)/5.
16
Suppose 0 = 3*b + 4*i + 5 - 39, 0 = i - 4. What is the remainder when 28 is divided by b?
4
Let b = 3 + 0. Let h be b/(4/(20/3)). Suppose 4*c - 85 = -c + k, 0 = -2*c - h*k + 61. Calculate the remainder when 35 is divided by c.
17
Suppose 6*a - 66 = 3*a. Calculate the remainder when a is divided by 12.
10
Let d = 49 - 31. Suppose 2*g - g = d. Calculate the remainder when g is divided by 10.
8
What is the remainder when 53 is divided by (2/(-4))/((-5)/110)?
9
Suppose -25 = -5*f - 5*b + 55, -84 = -4*f + b. What is the remainder when 79 is divided by f?
19
Let p be 5/2 + 3/(-6). Suppose -3*j + 54 = -p*g, 4*j + 0*g - 72 = -4*g. What is the remainder when 70 is divided by j?
16
Suppose 7*t - 13*t + 60 = 0. Calculate the remainder when 18 is divided by t.
8
Let b(x) = 2*x - 1. Let r be b(-3). Let c(y) = -y - 4. Let z be c(r). Suppose 0 - z = 3*t, -3*t = -3*p + 60. Calculate the remainder when p is divided by 7.
5
Suppose -d = -10 - 9. What is the remainder when (0 - -37)*2*(-2)/(-4) is divided by d?
18
Let v be (-2 + 8 + 0)/2. Suppose 0 = v*n - 10 - 95. Calculate the remainder when n is divided by 9.
8
Suppose k = 3*u + 1134, -3*u - 3*k - k = 1134. Let q be (u/(-35))/((-3)/(-10)). Suppose -4*j = 8 - q. What is the remainder when j is divided by 3?
1
Suppose 5 = v + m - 6, 3*m + 27 = 2*v. Suppose -3*q + 4 = -41. Let s = q + 8. Calculate the remainder when s is divided by v.
11
Suppose 0 = -v + j, -3*v - j = -v - 6. Calculate the remainder when 2 is divided by v.
0
Suppose -5*b = -g + 4*g - 20, 0 = 2*g - 5*b - 55. Let s = 9 - 4. Let v = g - s. What is the remainder when 28 is divided by v?
8
Suppose -29 = -4*i + 31. Let l(n) = 2*n. Let b be l(5). Suppose -b = -g + i. Calculate the remainder when g is divided by 9.
7
Let x be 2/(-3)*(-27)/2. Let c(p) = -2*p - x*p**2 + 7*p**2 + 4*p**2 + 4*p**2 - 3. Calculate the remainder when c(3) is divided by 12.
9
Calculate the remainder when 81 is divided by (-372)/(-9) + 6/9.
39
Let i be ((-6)/12)/(2/(-20)). Suppose 24 = i*m - m. Suppose -3*q + 26 = -3*b - 16, -2*q - 3*b + 43 = 0. Calculate the remainder when q is divided by m.
5
Suppose 5*j - 19 = 1. Suppose 8 = j*f - 148. Calculate the remainder when f is divided by 10.
9
Suppose -2*p + 3*b - 3 = 0, -2*p = 3*p + 2*b - 21. Suppose -2*s = -25 - p. What is the remainder when s is divided by 5?
4
Let k = 12 + -1. What is the remainder when 14 is divided by k?
3
Let q(z) be the first derivative of 49*z**2/2 - 3. What is the remainder when q(1) is divided by 17?
15
Suppose 54 = 5*t - 31. Calculate the remainder when t is divided by 6.
5
Let u(p) = -2*p**2 + 10*p - 3. Let f be u(5). What is the remainder when 7*3*(-5)/f is divided by 19?
16
Let n = -45 - -76. What is the remainder when 184 is divided by n?
29
Suppose 0 = -4*p - 10 - 14. Let v(b) = -b - 2. Suppose -2 = -s - 0. What is the remainder when v(p) is divided by s?
0
Let l be (-4)/(-10)*(-20)/(-4). Suppose 5*t + d = l*t + 38, 0 = -3*t - 2*d + 37. Calculate the remainder when t is divided by 7.
6
Let i(x) = 0*x + 2*x - 6*x + 5*x + 2. Calculate the remainder when 39 is divided by i(8).
9
Let s = -5 - -10. Suppose -b + 44 = 5*l, b + b = -s*l + 93. What is the remainder when b is divided by 13?
10
Suppose -b = 2*h - 12, -5*b + 0*h + h + 5 = 0. Suppose -b = -4*n + 3*n. Calculate the remainder when n is divided by (-2 + -1 + 4)*1.
0
Suppose 4*y - 2*t + t - 9 = 0, 2*y + t = -3. Let s = 12 + y. What is the remainder when 51 is divided by s?
12
Let k(f) be the second derivative of -f**4/12 + f**3/2 + 2*f**2 + 2*f. Calculate the remainder when 7 is divided by k(3).
3
Let s(c) = 3*c - 11. Let r be -2 - (0 - 2) - -8. What is the remainder when 51 is divided by s(r)?
12
What is the remainder when -166*(2 + (-10)/4) is divided by 21?
20
Let c = 106 + -89. What is the remainder when c is divided by 15/2*(-8)/(-6)?
7
Let n(y) = -y + 1. Let b be n(1). Suppose -c + 2*j - 1 + 41 = b, 2*c - 65 = -j. Let d(i) = 11*i**2 + 1. What is the remainder when c is divided by d(-1)?
10
Let u(v) = 2*v**2 + v + 1. Let d be (-3)/((-3)/(-5)) - -3. What is the remainder when u(d) is divided by 4?
3
Let j be ((-4)/10)/((-1)/(-5)). Let x be j*6*13/(-4). Suppose x = t + 2*t. Calculate the remainder when 24 is divided by t.
11
Let n(u) = -u**3 - u**2 + u + 1. Let y be (-16)/(-24)*1*-3. What is the remainder when n(y) is divided by 2?
1
Suppose -3 = -2*g - g, 2*s - 4*g - 10 = 0. What is the remainder when s*(4/(-2))/(-2) is divided by 3?
1
Let k = -13 - -62. Calculate the remainder when k is divided by 1/((-41)/(-10) + -4).
9
Suppose -10*s + 5*s = -35. What is the remainder when s is divided by 4?
3
Suppose g - 3*x - 50 = 0, -202 = -3*g - 0*x - 4*x. Calculate the remainder when g is divided by 1/6 - (-285)/18.
14
Suppose -j + 9*j - 432 = 0. What is the remainder when j is divided by 11?
10
Let b(a) = a**2 + 9*a + 9. Let p be b(-9). Suppose -4*s = -p*s + 110. Calculate the remainder when 108 is divided by s.
20
Let l = 4 - 1. Let o be 1/l + (-20)/(-3). Suppose -4*p = o - 35. What is the remainder when p is divided by 4?
3
Let i(h) = -2 + 0*h - 3 - 3*h - h. What is the remainder when i(-10) is divided by 9?
8
Suppose 6*l - 4*l - 22 = 0. What is the remainder when 378/12 - (-4)/(-8) is divided by l?
9
Let x(a) = a**3 - 9*a**2 + a - 1. Let q be x(9). Let p = q + -6. Suppose 12 = 2*t - p. Calculate the remainder when 19 is divided by t.
5
Let s(y) = -y**2 + 7*y - 8. Let g be s(6). Calculate the remainder when 21 - (-1 - g)/(-1) is divided by 12.
10
Let x(z) = -z**3 - 7*z**2 - 2*z + 3. What is the remainder when x(-7) is divided by 6?
5
Suppose -2*b + 70 = 3*q, 108 = 4*q - 5*b - 16. Let j(d) = d**3 - 6*d**2 + 2*d - 3. Calculate the remainder when q is divided by j(6).
8
Suppose n + 52 = 5*n. Let b(i) = 2 - 23*i - 3 + 1 + 1. Calculate the remainder when b(-1) is divided by n.
11
Let s = 40 + -13. Calculate the remainder when s is divided by 7.
6
Suppose 3*p = p + 6. Let w(j) = 3*j**3 - 5*j**2 + 5*j - 2. Calculate the remainder when w(p) is divided by (-6)/(-9)*39/2.
10
Let s = 167 - 90. Suppose -4*d + 65 = -39. Calculate the remainder when s is divided by d.
25
Let c = -14 + 31. Calculate the remainder when c is divided by 9.
8
Let w be 2/(-6) + (-166)/(-3). Suppose 2*y = 5*a - 31 - 24, -5*a - 5*y = -w. Suppose -3*m = m - 16. Calculate the remainder when a is divided by m.
3
Let q(z) = 17*z + 1. What is the remainder when q(3) is divided by 27*3/(9/2)?
16
Let u(o) = -o**3 - 11*o**2 - 14*o - 8. What is the remainder when u(-10) is divided by 7?
4
Suppose 2*n + n - 41 = -4*g, 4*n = 4*g - 20. Let k = g - 5. Suppose 2*q + 5*p = 34, 0*p = 3*q + 2*p - 29. What is the remainder when q is divided by k?
1
Suppose r = -0*r + 1, 2*m - 118 = -4*r. Calculate the remainder when m is divided by 12.
9
Let p be 12 - (-7 + 3 + 3). Let t = p - -4. Calculate the remainder when 66 is divided by t.
15
Let i = 38 - 15. Calculate the remainder when i is divided by 8.
7
Let m(n) = 2*n - 7. Let f be m(6). Suppose -32 = -4*c + 2*c + 2*g, -f*c + 4*g + 75 = 0. Calculate the remainder when 42 is divided by c.
9
Suppose -5*v - l = 2*l - 315, -5*v = -3*l - 315. What is the remainder when v is divided by 13?
11
Let j be 26 - (1 + -2)*-1. Suppose 4*d + 5 = j. Let u = d - 2. What is the remainder when 8 is divided by u?
2
What is the remainder when 50 is divided by 25 + -24 + 4*3?
11
Suppose -5*y = 5*n + 30, 5*n + 2*y = -1 - 20. Suppose 4 + 11 = 3*u. Calculate the remainder when 22 - 2 - n/(-1) is divided by u.
2
Let m be (-1 + 0 - -3) + 15. Let o = 30 - m. Calculate the remainder when o is divided by 2/6*(20 + 1).
6
Let v(q) = -q - 1. Let j be v(-5). Suppose -j*r - 2*b + 184 = 0, 2*r + 0*r + 3*b - 96 = 0. What is the remainder when r is divided by 12?
9
Let p = -11 + 16. Let j(v) = -v**3 + v**2 + v + 18. What is the remainder when j(0) is divided by p?
3
Let s(h) = h**3 - 3*h**2 - 2*h + 3. Let o be s(4). Suppose -4*d + o = -17. What is the remainder when d is divided by 4?
3
Suppose 5*i - 12 = 4*i - 5*p, 4*i + 3*p = 48. Suppose 2*c 